{"id":379,"date":"2015-02-17T10:23:05","date_gmt":"2015-02-17T10:23:05","guid":{"rendered":"http:\/\/www.veloxsrl.it\/?page_id=379"},"modified":"2019-09-24T14:33:13","modified_gmt":"2019-09-24T14:33:13","slug":"donat-mg","status":"publish","type":"page","link":"https:\/\/www.veloxsrl.it\/?page_id=379","title":{"rendered":"Donat MG"},"content":{"rendered":"<p><a href=\"https:\/\/www.veloxsrl.it\/wp-content\/uploads\/2015\/08\/IT_Donat-Mg-1L-PET_layers_RGB_SA_v3.jpg\"><img loading=\"lazy\" class=\"alignleft size-medium wp-image-2498 colorbox-379\" src=\"https:\/\/www.veloxsrl.it\/wp-content\/uploads\/2015\/08\/IT_Donat-Mg-1L-PET_layers_RGB_SA_v3-300x300.jpg\" alt=\"IT_Donat-Mg-1L-PET_layers_RGB_SA_v3.jpg\" width=\"300\" height=\"300\" \/><\/a>Donat Mg \u00e8 un\u2019acqua ricca di sali minerali, consigliata dallo staff del Medical Center Roga\u0161ka come aiuto efficace contro numerose patologie, soprattutto quelle che sono la conseguenza di uno stile di vita frenetico, come ad esempio le cattive abitudini alimentari.<\/p>\n<p><strong>MAGNESIO:<\/strong><\/p>\n<p>La quantit\u00e0 di magnesio nel nostro corpo viene regolata in modo automatico. Se e quando questo inizia a scarseggiare, viene attinto dalle proprie riserve. Se le perdite superano gli apporti, si manifestano i sintomi tipici della sua carenza: stitichezza, perdita di appetito, malessere generale, stanchezza, affaticamento veloce, crampi muscolari, formicolii, irritabilit\u00e0, disturbi del sonno, emicranie, difficolt\u00e0 di concentrazione e alterazioni psichiche. Gravi carenze di magnesio si manifestano di rado. Lievi carenze di magnesio, invece, sono raramente accompagnate da disturbi; se, per\u00f2, questi si manifestano, solitamente si protraggono a lungo.<\/p>\n<p>&nbsp;<\/p>\n<p>&nbsp;<\/p>\n<p>Le cause della carenza di magnesio possono essere:<\/p>\n<ul>\n<li>Le moderne procedure di produzione e trasformazione alimentare privano sempre di pi\u00f9 i cibi di magnesio ed altri minerali, perci\u00f2 gli alimenti sono sempre pi\u00f9 poveri di magnesio.<\/li>\n<li>Alimentazione scorretta e sbilanciata e varie diete<\/li>\n<li>Alcuni farmaci, malattie (es.: diabete di tipo 2) ed assuefazione da alcool<\/li>\n<li>Stress \u2013 lo stile di vita veloce e stressante aumenta il fabbisogno di magnesio nel nostro corpo<\/li>\n<li>Le persone anziane soffrono di carenza di magnesio in parte a causa del suo minor apporto e in parte a causa del suo minor assorbimento e della sua maggior eliminazione attraverso i reni.<\/li>\n<li>L\u2019assorbimento insufficiente di magnesio dal tratto digerente in seguito ad alcuni interventi chirurgici e patologie, caratterizzate da diarrea<\/li>\n<\/ul>\n<p>Si consiglia:<\/p>\n<ul>\n<li>Un\u2019alimentazione sana, naturale e ricca di cibi il pi\u00f9 possibile naturali e genuini. Di mangiare molta verdura (verdura a foglie verdi, cereali integrali, germogli) e di includere nella vostra alimentazione anche la frutta secca<\/li>\n<li>Di evitare l\u2019assunzione di quantit\u00e0 eccessive di bevande alcoliche<\/li>\n<li>Di muoversi costantemente e di evitare lo stress<\/li>\n<\/ul>\n<p>Il ruolo del magnesio nell\u2019organismo:<\/p>\n<ul>\n<li>\u00c8 indispensabile nei casi di aumentato fabbisogno (crescita intensa, gravidanza, allattamento).<\/li>\n<li>Partecipa a pi\u00f9 di 300 processi biochimici nel nostro organismo.<\/li>\n<li>Riduce la stanchezza e la spossatezza.<\/li>\n<li>Promuove il benessere psicologico.<\/li>\n<li>Contribuisce all\u2019equilibrio elettrolitico.<\/li>\n<li>Aiuta a rilasciare l\u2019energia nel metabolismo.<\/li>\n<li>Contribuisce al funzionamento del sistema nervoso.<\/li>\n<li>Contribuisce al funzionamento del sistema muscolare, compreso il miocardio.<\/li>\n<li>Aiuta a mantenere le ossa e i denti sani.<\/li>\n<li>Svolge un ruolo importante nella sintesi proteica e nella divisione cellulare.<br \/>\n<hr \/>\n<\/li>\n<\/ul>\n<p><img loading=\"lazy\" class=\"alignleft size-medium wp-image-2659 colorbox-379\" src=\"https:\/\/www.veloxsrl.it\/wp-content\/uploads\/2015\/02\/Untitled-1-275x300.png\" alt=\"Untitled-1\" width=\"275\" height=\"300\" \/><br \/>\n<strong>In che modo Donat Mg aiuta nei casi di carenza di magnesio:<\/strong><\/p>\n<p>Donat Mg contiene circa 1.000 mg di magnesio in un solo litro. Ne bastano gi\u00e0 3-4 dl al giorno per coprire il fabbisogno giornaliero di magnesio.<\/p>\n<p>L\u2019acqua minerale naturale Donat Mg \u00e8 consigliata in una dieta varia ed equilibrata, come parte integrante di uno stile di vita sano.<\/p>\n<p>&nbsp;<\/p>\n<ul style=\"width: 63%;display: inline-block;\">\n<li style=\"width: 34%; float: left; display: inline-block;\">Link:\n<ul>\n<li><a href=\"https:\/\/donat.mg\/it\">donat.mg\/it<\/a><\/li>\n<li><a href=\"https:\/\/rogaska-medical.com\/it\">rogaska-medical.com\/it<\/a><\/li>\n<\/ul>\n<\/li>\n<li style=\"width: 30%; float: left; display: inline-block;\">Come si beve Donat Mg?<br \/>\n<a href=\"https:\/\/www.donatmg.eu\/it\/moments\" target=\"_blank\">Scarica l&#8217;app Donat Mg Moments<\/a><br \/><a href=\"https:\/\/itunes.apple.com\/us\/app\/donat-mg-moments\/id912821903?ls=1&amp;mt=8\" target=\"_blank\"><img class=\"colorbox-379\"  src=\"\/wp-content\/uploads\/2015\/08\/appstore.png\" alt=\"\" \/><\/a><br \/>\n<a href=\"https:\/\/play.google.com\/store\/apps\/details?id=si.renderspace.donatmgmoments\" target=\"_blank\"><img class=\"colorbox-379\"  src=\"\/wp-content\/uploads\/2015\/08\/googleplay.png\" alt=\"\" \/><\/a><\/li>\n<li style=\"width: 32%; float: left; display: inline-block;\"><img loading=\"lazy\" src=\"https:\/\/www.veloxsrl.it\/wp-content\/uploads\/2015\/09\/unnamed.png\" alt=\"unnamed\" width=\"128\" height=\"180\" class=\"alignright size-full wp-image-2855 colorbox-379\" srcset=\"https:\/\/www.veloxsrl.it\/wp-content\/uploads\/2015\/09\/unnamed.png 128w, https:\/\/www.veloxsrl.it\/wp-content\/uploads\/2015\/09\/unnamed-47x66.png 47w\" sizes=\"(max-width: 128px) 100vw, 128px\" \/><\/li>\n<\/ul>\n<hr \/>\n<ul style=\"width: 100%;display: inline-block;\">\n<li style=\"width: 32%; float: left; display: inline-block;\"><a href=\"https:\/\/www.donatmg.eu\/it\/moments\" target=\"_blank\">Scarica l&#8217;app Donat Mg Moments<\/a><\/li>\n<li style=\"width: 32%; float: left; display: inline-block;\"><a href=\"\/?page_id=28\">Richiedi il distributore pi\u00f9 vicino<\/a><\/li>\n<li style=\"width: 32%; float: left; display: inline-block;\"><a href=\"\/?product=donat-mg-1lt\">Acquista Donat Mg online<\/a><\/li>\n<\/ul>\n<p>&nbsp;<\/p>\n","protected":false},"excerpt":{"rendered":"<p>Donat Mg \u00e8 un\u2019acqua ricca di sali minerali, consigliata dallo staff del Medical Center Roga\u0161ka come aiuto efficace contro numerose patologie, soprattutto quelle che sono la conseguenza di uno stile di vita frenetico, come ad esempio le cattive abitudini alimentari. MAGNESIO: La quantit\u00e0 di magnesio nel nostro corpo viene regolata in modo automatico. Se e [&hellip;]<\/p>\n","protected":false},"author":1,"featured_media":0,"parent":0,"menu_order":0,"comment_status":"closed","ping_status":"closed","template":"","meta":{"_monsterinsights_skip_tracking":false,"_monsterinsights_sitenote_active":false,"_monsterinsights_sitenote_note":"","_monsterinsights_sitenote_category":0},"yoast_head":"<!-- This site is optimized with the Yoast SEO plugin v16.6.1 - https:\/\/yoast.com\/wordpress\/plugins\/seo\/ -->\n<meta name=\"robots\" content=\"index, follow, max-snippet:-1, max-image-preview:large, max-video-preview:-1\" \/>\n<link rel=\"canonical\" href=\"https:\/\/www.veloxsrl.it\/?page_id=379\" \/>\n<meta property=\"og:locale\" content=\"it_IT\" \/>\n<meta property=\"og:type\" content=\"article\" \/>\n<meta property=\"og:title\" content=\"Donat MG - Velox srl\" \/>\n<meta property=\"og:description\" content=\"Donat Mg \u00e8 un\u2019acqua ricca di sali minerali, consigliata dallo staff del Medical Center Roga\u0161ka come aiuto efficace contro numerose patologie, soprattutto quelle che sono la conseguenza di uno stile di vita frenetico, come ad esempio le cattive abitudini alimentari. MAGNESIO: La quantit\u00e0 di magnesio nel nostro corpo viene regolata in modo automatico. Se e [&hellip;]\" \/>\n<meta property=\"og:url\" content=\"https:\/\/www.veloxsrl.it\/?page_id=379\" \/>\n<meta property=\"og:site_name\" content=\"Velox srl\" \/>\n<meta property=\"article:modified_time\" content=\"2019-09-24T14:33:13+00:00\" \/>\n<meta property=\"og:image\" content=\"https:\/\/www.veloxsrl.it\/wp-content\/uploads\/2015\/08\/IT_Donat-Mg-1L-PET_layers_RGB_SA_v3-300x300.jpg\" \/>\n<meta name=\"twitter:card\" content=\"summary\" \/>\n<meta name=\"twitter:label1\" content=\"Tempo di lettura stimato\" \/>\n\t<meta name=\"twitter:data1\" content=\"2 minuti\" \/>\n<script type=\"application\/ld+json\" class=\"yoast-schema-graph\">{\"@context\":\"https:\/\/schema.org\",\"@graph\":[{\"@type\":\"WebSite\",\"@id\":\"https:\/\/www.veloxsrl.it\/#website\",\"url\":\"https:\/\/www.veloxsrl.it\/\",\"name\":\"Velox srl\",\"description\":\"le terme a casa vostra\",\"potentialAction\":[{\"@type\":\"SearchAction\",\"target\":{\"@type\":\"EntryPoint\",\"urlTemplate\":\"https:\/\/www.veloxsrl.it\/?s={search_term_string}\"},\"query-input\":\"required name=search_term_string\"}],\"inLanguage\":\"it-IT\"},{\"@type\":\"ImageObject\",\"@id\":\"https:\/\/www.veloxsrl.it\/?page_id=379#primaryimage\",\"inLanguage\":\"it-IT\",\"url\":\"https:\/\/www.veloxsrl.it\/wp-content\/uploads\/2015\/08\/IT_Donat-Mg-1L-PET_layers_RGB_SA_v3-300x300.jpg\",\"contentUrl\":\"https:\/\/www.veloxsrl.it\/wp-content\/uploads\/2015\/08\/IT_Donat-Mg-1L-PET_layers_RGB_SA_v3-300x300.jpg\"},{\"@type\":\"WebPage\",\"@id\":\"https:\/\/www.veloxsrl.it\/?page_id=379#webpage\",\"url\":\"https:\/\/www.veloxsrl.it\/?page_id=379\",\"name\":\"Donat MG - Velox srl\",\"isPartOf\":{\"@id\":\"https:\/\/www.veloxsrl.it\/#website\"},\"primaryImageOfPage\":{\"@id\":\"https:\/\/www.veloxsrl.it\/?page_id=379#primaryimage\"},\"datePublished\":\"2015-02-17T10:23:05+00:00\",\"dateModified\":\"2019-09-24T14:33:13+00:00\",\"breadcrumb\":{\"@id\":\"https:\/\/www.veloxsrl.it\/?page_id=379#breadcrumb\"},\"inLanguage\":\"it-IT\",\"potentialAction\":[{\"@type\":\"ReadAction\",\"target\":[\"https:\/\/www.veloxsrl.it\/?page_id=379\"]}]},{\"@type\":\"BreadcrumbList\",\"@id\":\"https:\/\/www.veloxsrl.it\/?page_id=379#breadcrumb\",\"itemListElement\":[{\"@type\":\"ListItem\",\"position\":1,\"name\":\"Home\",\"item\":\"https:\/\/www.veloxsrl.it\/\"},{\"@type\":\"ListItem\",\"position\":2,\"name\":\"Donat MG\"}]}]}<\/script>\n<!-- \/ Yoast SEO plugin. -->","_links":{"self":[{"href":"https:\/\/www.veloxsrl.it\/index.php?rest_route=\/wp\/v2\/pages\/379"}],"collection":[{"href":"https:\/\/www.veloxsrl.it\/index.php?rest_route=\/wp\/v2\/pages"}],"about":[{"href":"https:\/\/www.veloxsrl.it\/index.php?rest_route=\/wp\/v2\/types\/page"}],"author":[{"embeddable":true,"href":"https:\/\/www.veloxsrl.it\/index.php?rest_route=\/wp\/v2\/users\/1"}],"replies":[{"embeddable":true,"href":"https:\/\/www.veloxsrl.it\/index.php?rest_route=%2Fwp%2Fv2%2Fcomments&post=379"}],"version-history":[{"count":20,"href":"https:\/\/www.veloxsrl.it\/index.php?rest_route=\/wp\/v2\/pages\/379\/revisions"}],"predecessor-version":[{"id":3534,"href":"https:\/\/www.veloxsrl.it\/index.php?rest_route=\/wp\/v2\/pages\/379\/revisions\/3534"}],"wp:attachment":[{"href":"https:\/\/www.veloxsrl.it\/index.php?rest_route=%2Fwp%2Fv2%2Fmedia&parent=379"}],"curies":[{"name":"wp","href":"https:\/\/api.w.org\/{rel}","templated":true}]}}